(t) = 2*t**2 + 3*t**2 + x*t + 1 - 3*t. Determine w(1).
5
Let c(b) = -b**2 - 2*b + 4. Let u = -11 + 8. Give c(u).
1
Let l(t) = 7*t**3 + 3*t**2 + 9. Suppose 4*x = 6 + 22. Let c(j) = 8*j**3 + 3*j**2 + 10. Let z(r) = x*l(r) - 6*c(r). Determine z(-3).
3
Let b(o) = -7*o. Let q(s) = 2*s**3 + 8*s**2 - 3*s - 1. Let d(j) = -5*j**3 - 17*j**2 + 7*j + 2. Let k(l) = 3*d(l) + 7*q(l). Let h be k(5). Give b(h).
7
Let p(b) = -3*b**3 + 14*b**2 - 11*b - 23. Let i(t) = t**3 - 7*t**2 + 6*t + 11. Let g(q) = 5*i(q) + 2*p(q). What is g(-8)?
9
Let b(i) be the first derivative of 1/20*i**5 - 1/4*i**4 + 0*i**2 + 2 - 1/6*i**3 - 4*i. Let f(x) be the first derivative of b(x). Give f(3).
-3
Let p(x) be the second derivative of -x**6/240 - x**5/60 - x**4/12 - 3*x. Let l(t) be the third derivative of p(t). Suppose -2*k + 5*k = -6. Calculate l(k).
4
Let h be 6/(3 + 44/(-12)). Let c be 4 + h/((-9)/(-8)). Let m(b) = -b**2 - 7*b - 6. Calculate m(c).
6
Suppose -2*i + f = -f - 2, -4*i = 2*f - 34. Let a(l) = 42*l**3 - 7*l - 41*l**3 + 6 - l**2 - 4*l**2. Let g be a(i). Let y(z) = z**2 - z. Calculate y(g).
0
Let a(u) = -17*u - 29. Let o be a(-2). Let j(d) = -d**3 + 3*d**2 + 8*d - 6. Calculate j(o).
-16
Let l(z) be the third derivative of -z**4/24 - 2*z**3/3 - 3*z**2. What is l(0)?
-4
Let w(h) = 2*h + 4 - h**2 - 3*h + 8*h + 0*h. What is w(7)?
4
Let a(k) = 9*k**3 - 2*k**2 + 1 - 4*k + 4*k. Let z(t) = -4*t - 2*t + 5*t + 7. Let p be z(6). Calculate a(p).
8
Let y(q) = -q**3 + 4*q**2 + 7*q - 10. Let v(a) = -2*a**3 + 7*a**2 + 13*a - 21. Let f(k) = 2*v(k) - 5*y(k). Calculate f(7).
-6
Let t(j) = -j**3 + 1. Let r(a) = 3*a**3 - 2*a - 2. Let b(o) = r(o) + 2*t(o). Suppose 0 = m - 3*k + 13, 5 + 5 = 2*k. What is b(m)?
4
Suppose -3*w + 2*w = 1. Let y(m) be the first derivative of -5*m**3/3 + m**2/2 + m + 1. Determine y(w).
-5
Let r(i) = i + 7. Let v be r(-2). Let q(x) = -x + 9. What is q(v)?
4
Let b(s) = -21*s**2 + 0*s - s - 2*s + 2 + 20*s**2. Determine b(-3).
2
Let n(r) = -7*r**3 + 1 + 2*r - r**2 + 6*r**3 - 2 - r**3. Calculate n(-2).
7
Let q(l) = l - 5. Let g(j) = -1. Let p(h) = -g(h) + q(h). Let u = 85 - 80. Give p(u).
1
Let l(w) = -w**3 - 3*w - 2. Suppose -4 = -t - 11. Let y = -9 - t. Calculate l(y).
12
Suppose -6 = 2*u - 5*u. Let j(c) = 3*c - u*c + c - 2 + c. Calculate j(3).
7
Let g(m) be the second derivative of m**6/360 - m**5/120 - m**4/12 + 2*m. Let b(d) be the third derivative of g(d). What is b(-2)?
-5
Let d(q) = 2*q + 7. Let z be d(-6). Let v = z - -7. Let r(l) = -l**v - 1 + 5 + 7 + 0*l**2. Give r(0).
11
Let f(p) = p - 1. Let w(d) = -d**2 - 5*d - 4. Let m(j) = -2*f(j) + w(j). Calculate m(-7).
-2
Let p(m) be the third derivative of m**9/60480 - m**8/5040 + m**6/240 + m**5/30 + 4*m**2. Let t(g) be the third derivative of p(g). Give t(4).
3
Let s(l) = -16*l**3 + 25*l**2 - 14*l + 31. Let u(i) = 3*i**3 - 5*i**2 + 3*i - 6. Let c(m) = -2*s(m) - 11*u(m). What is c(3)?
7
Let w(i) be the third derivative of i**6/120 + i**5/12 + i**4/24 + 9*i**2. Calculate w(-4).
12
Let n(r) = 3*r - 1. Let o(v) = v**2 - 9*v + 7. Let a be o(8). Give n(a).
-4
Let p = -15 - -31/2. Let q(c) be the second derivative of 0 + 2/3*c**3 + p*c**2 + c. Determine q(1).
5
Let n = -17 - -16. Let a(h) be the third derivative of -h**4/6 + h**3/6 - h**2. What is a(n)?
5
Let m(l) = -8*l**3 + 5*l**2 - 4*l + 7. Let s = -3 - -6. Let n(i) = 4*i**3 - 3*i**2 + 2*i - 4. Let u(o) = s*m(o) + 5*n(o). Determine u(1).
-5
Suppose -3*a - a - 14 = 3*c, 2*a + 2 = c. Let i(z) be the third derivative of 0*z + z**2 + 1/2*z**3 + 5/24*z**4 + 0. Determine i(c).
-7
Let h(v) be the second derivative of v**4/12 + 3*v**2/2 - 2*v. Let z(b) be the first derivative of h(b). Let f = 14 - 9. Determine z(f).
10
Let s(h) = 0*h**3 - h**3 + 3 + 4*h**2 - 2. Suppose -3*t - 2*d - 2 = -14, 12 = 4*d. Suppose 4*q + 2*n = 4, -3*q - t = 3*n + 1. What is s(q)?
10
Let i(o) = -10*o + 12. Let x(g) = 7*g - 8. Let c(a) = -5*i(a) - 7*x(a). Give c(5).
1
Let h(y) = y**3 + 4*y**2 + 4*y + 1. Let v be ((-9)/(-6))/((-1)/2). Give h(v).
-2
Let i(f) be the first derivative of f**3/3 + f**2 - 4*f - 11. Calculate i(-4).
4
Let j(w) be the first derivative of w**3/3 + 3*w**2 - 6*w - 14. Let v be (0 + 1)*(-42)/6. Calculate j(v).
1
Let i = -4 + 3. Let f be (-1)/(0 - i/(-5)). Suppose -l - 16 = -f*l. Let o(m) = -m**3 + 4*m**2 - 2*m + 2. Calculate o(l).
-6
Let d(b) = b**2 - 3*b - 7. Let y(v) = v**2 + 1. Let z(a) = -a**2 - a + 1. Let x(t) = -y(t) - 2*z(t). Suppose -2 = 3*r - 8. Let o be x(r). Determine d(o).
3
Let a(m) = -2*m - 3. Let r(l) be the second derivative of l**5/20 - 5*l**4/12 + l**3/2 - l**2/2 + 2*l. Let h be r(4). Determine a(h).
7
Let k(v) = 2*v**3 + v**2 - 2*v + 1. Let m be (-130)/15 + (-2)/6. Let r be -3 - -1 - m/3. Calculate k(r).
2
Let j(s) = -s**3 + 4*s**2 - s - 2. Let t be j(3). Suppose 5*w - 5 = 5. Suppose t*d - 6 = -w. Let z(l) = 7*l**2 - 2*l + 1. What is z(d)?
6
Let u(g) = 4*g + 14. Let x(i) = i + 1. Let a(w) = -u(w) + 3*x(w). Suppose 3*p - 5 = 4*z - 2*p, 19 = -2*z - 3*p. What is a(z)?
-6
Let s(i) = i**2 + 0*i + i - 7 - 7 + 11. Determine s(3).
9
Let u(g) be the first derivative of g**7/140 + g**6/360 + g**5/120 + 2*g**3/3 + 3. Let j(o) be the third derivative of u(o). Let w = 1 - 2. Determine j(w).
-6
Let t be 4/((-32)/(-6))*4. Let x(z) = 1 - 3*z**3 + 4*z**t + z**2 - 2 - 3*z. Determine x(-3).
-10
Let v(h) be the third derivative of h**4/24 + 4*h**3/3 - h**2. Let y be -1*(-70)/(-21)*9/6. Calculate v(y).
3
Let u(r) = r**2. Let d be (-1)/(-1)*(0 + 1). Let q(l) = -l**2 - 2*l - 5. Let n(w) = w**2 + w + 3. Let b(o) = 5*n(o) + 3*q(o). Let g be b(d). Calculate u(g).
1
Let x(w) = -8*w**2 - 11*w**3 - 3*w**2 - 1 + 13*w**2. Give x(-1).
12
Let h(p) be the first derivative of -p**2/2 + 2*p - 31. Let y = -4 - -1. Determine h(y).
5
Let z(d) = -4*d - 9. Let l be (-2)/(-12) + 35/6. Let n(k) = -7*k - 17. Let a(g) = l*n(g) - 11*z(g). What is a(2)?
1
Suppose -5*b + 4*k - 16 = 0, 7*b - 3*b + 12 = 4*k. Suppose -1 = 2*t - 5. Let g(n) = 5*n**2 + 4 + 3*n - 2*n**t - 2*n**2. What is g(b)?
8
Suppose b = -3*m, -3*b - 2 = -11. Let n(h) be the first derivative of h**4/2 - h**2/2 + 5. Give n(m).
-1
Suppose 5*v - 2*v = 21. Suppose 0 = -2*z + 5*a + 18, -2*z + 3*a + 17 = -v*z. Let f(b) = 16*b. What is f(z)?
-16
Let r(c) be the third derivative of c**7/2520 - c**6/240 - c**5/30 - c**4/6 - 2*c**2. Let h(g) be the second derivative of r(g). What is h(3)?
-4
Let z(a) = -a**2 + 2*a + 6. Let b be z(0). Let l(m) = -4*m + 6. Determine l(b).
-18
Let d(q) = 4*q**3 + q**2 + 2*q - 2. Let a be d(1). Let z(o) = o - 3. Calculate z(a).
2
Let h(r) = -r**2 - 8*r - 7. Let w = -8 + 2. Determine h(w).
5
Let t be 1*(-2 - -1)*5. Let v = -2 + 4. Let b(m) = 1 - 7*m + 0*m - v - m**2. Determine b(t).
9
Let h(a) = 2*a**2 + 3*a. Let k(y) = -y**2 + 3*y + 4. Let i(s) = -3*s**2 + 8*s + 11. Let g(z) = -4*i(z) + 11*k(z). Let j(w) = -11*g(w) + 6*h(w). Determine j(-6).
-6
Let z(l) = -l + 10. Let x(t) = -t - 7. Let n be x(-12). Give z(n).
5
Suppose x - 1 = -7. Let b be ((-9)/x - 2)*10. Let f(o) = -o**3 - o**2 - o - 1. Let q(v) = -2*v**3 - 7*v**2 - 5*v - 1. Let t(r) = -f(r) + q(r). What is t(b)?
-5
Let y = -1 + 1. Let s(q) be the third derivative of -q**5/60 - q**4/24 - 2*q**3/3 - 4*q**2. What is s(y)?
-4
Let k(j) = 5*j**2 - 29*j + 29. Let m(c) = c**2 - 6*c + 6. Let i(l) = 2*k(l) - 11*m(l). Let z(w) = 6*w**3 + 2*w**2 - 3*w + 1. Let g be z(1). What is i(g)?
4
Let m(a) be the first derivative of -1/3*a**3 + 5 + 5/2*a**2 + 4*a. Calculate m(6).
-2
Let c(r) be the first derivative of -r**4/4 + r**3/3 - r**2/2 + 8. What is c(1)?
-1
Let g(l) = -l**2 - 2*l - 3. Suppose 0 = 6*x + 90 - 78. Give g(x).
-3
Suppose 2*b - 3 + 7 = 0. Let v(y) = 8*y + 8. Let r(d) = 7*d + 7. Let q(o) = 7*r(o) - 6*v(o). Determine q(b).
-1
Suppose -4*u = -5 + 29. Let j = -5 - u. Let z(p) = 6*p**3 - p + 1. Calculate z(j).
6
Suppose u = -4*u - 25. Let h(s) = -59 + 2*s + 57 - s. What is h(u)?
-7
Let w(d) be the first derivative of 2*d**3/3 - d**2/2 + d + 5. Determine w(1).
2
Let h(u) be the third derivative of u**4/24 + u**3/3 - 2*u**2. Let y(o) = 2*o + 2. Let r(f) = -3*h(f) + 2*y(f). Suppose 0*m = 5*m + 25. What is r(m)?
-7
Suppose k = -4 + 5. Suppose -3*d + k = -11. Let o(x) = 6 - x - 3 + 0. What is o(d)?
-1
Let x(r) = -2*r**2 - 3*r - 3. Let y(b) = -2*b**2. Let f be y(-2). Let n(q) = q + 6